ate the remainder when 730 is divided by 167.
62
Calculate the remainder when 188 is divided by 24.
20
Calculate the remainder when 61 is divided by 25.
11
Calculate the remainder when 114 is divided by 83.
31
Calculate the remainder when 636 is divided by 262.
112
Calculate the remainder when 1471 is divided by 23.
22
What is the remainder when 2207 is divided by 17?
14
Calculate the remainder when 394 is divided by 56.
2
What is the remainder when 420 is divided by 8?
4
What is the remainder when 322 is divided by 88?
58
What is the remainder when 122 is divided by 62?
60
Calculate the remainder when 1317 is divided by 44.
41
Calculate the remainder when 319 is divided by 107.
105
What is the remainder when 477 is divided by 12?
9
Calculate the remainder when 213 is divided by 115.
98
Calculate the remainder when 77 is divided by 49.
28
What is the remainder when 10150 is divided by 72?
70
Calculate the remainder when 77542 is divided by 216.
214
What is the remainder when 282 is divided by 57?
54
Calculate the remainder when 2404 is divided by 13.
12
What is the remainder when 110 is divided by 20?
10
Calculate the remainder when 86 is divided by 76.
10
Calculate the remainder when 175 is divided by 55.
10
Calculate the remainder when 109 is divided by 21.
4
What is the remainder when 157 is divided by 4?
1
Calculate the remainder when 4165 is divided by 18.
7
What is the remainder when 552 is divided by 183?
3
Calculate the remainder when 1299 is divided by 6.
3
What is the remainder when 2764 is divided by 550?
14
Calculate the remainder when 2959 is divided by 982.
13
Calculate the remainder when 2695 is divided by 77.
0
What is the remainder when 300 is divided by 43?
42
Calculate the remainder when 5097 is divided by 68.
65
Calculate the remainder when 20297 is divided by 35.
32
What is the remainder when 544 is divided by 103?
29
Calculate the remainder when 336 is divided by 17.
13
What is the remainder when 2672 is divided by 48?
32
Calculate the remainder when 599 is divided by 177.
68
What is the remainder when 2473 is divided by 15?
13
Calculate the remainder when 13515 is divided by 276.
267
Calculate the remainder when 231 is divided by 6.
3
What is the remainder when 1446 is divided by 80?
6
What is the remainder when 1319 is divided by 189?
185
Calculate the remainder when 2655 is divided by 166.
165
What is the remainder when 1052 is divided by 355?
342
What is the remainder when 220 is divided by 51?
16
What is the remainder when 846 is divided by 50?
46
What is the remainder when 135 is divided by 35?
30
What is the remainder when 41 is divided by 24?
17
Calculate the remainder when 22 is divided by 17.
5
Calculate the remainder when 231 is divided by 41.
26
What is the remainder when 358 is divided by 10?
8
Calculate the remainder when 549 is divided by 37.
31
What is the remainder when 276 is divided by 27?
6
What is the remainder when 399 is divided by 5?
4
Calculate the remainder when 32 is divided by 5.
2
Calculate the remainder when 290 is divided by 18.
2
Calculate the remainder when 457 is divided by 51.
49
What is the remainder when 971 is divided by 480?
11
What is the remainder when 1490 is divided by 2?
0
Calculate the remainder when 150 is divided by 1.
0
Calculate the remainder when 160 is divided by 51.
7
Calculate the remainder when 506 is divided by 124.
10
Calculate the remainder when 3149 is divided by 75.
74
Calculate the remainder when 480 is divided by 47.
10
What is the remainder when 1153 is divided by 21?
19
What is the remainder when 96 is divided by 17?
11
Calculate the remainder when 244 is divided by 160.
84
Calculate the remainder when 586 is divided by 10.
6
Calculate the remainder when 709 is divided by 236.
1
Calculate the remainder when 308 is divided by 29.
18
Calculate the remainder when 167 is divided by 42.
41
What is the remainder when 221 is divided by 6?
5
Calculate the remainder when 5177 is divided by 72.
65
Calculate the remainder when 30 is divided by 7.
2
What is the remainder when 217 is divided by 27?
1
What is the remainder when 10050 is divided by 5023?
4
What is the remainder when 50 is divided by 28?
22
Calculate the remainder when 225 is divided by 218.
7
Calculate the remainder when 165 is divided by 43.
36
What is the remainder when 262 is divided by 119?
24
Calculate the remainder when 2697 is divided by 34.
11
What is the remainder when 2671 is divided by 140?
11
What is the remainder when 3487 is divided by 232?
7
Calculate the remainder when 3224 is divided by 75.
74
What is the remainder when 375 is divided by 38?
33
Calculate the remainder when 959 is divided by 64.
63
Calculate the remainder when 1168 is divided by 79.
62
What is the remainder when 884 is divided by 185?
144
What is the remainder when 2566 is divided by 853?
7
Calculate the remainder when 65 is divided by 39.
26
What is the remainder when 308 is divided by 26?
22
Calculate the remainder when 178 is divided by 23.
17
What is the remainder when 1049 is divided by 301?
146
Calculate the remainder when 367 is divided by 13.
3
Calculate the remainder when 286 is divided by 24.
22
Calculate the remainder when 617 is divided by 202.
11
What is the remainder when 147 is divided by 39?
30
What is the remainder when 334 is divided by 68?
62
What is the remainder when 184 is divided by 63?
58
Calculate the remainder when 622 is divided by 298.
26
What is the remainder when 171 is divided by 25?
21
What is the remainder when 102 is divided by 25?
2
What is the remainder when 139 is divided by 12?
7
What is the remainder when 451 is divided by 126?
73
What is the remainder when 400 is divided by 31?
28
Calculate the remainder when 260 is divided by 69.
53
Calculate the remainder when 2005 is divided by 6.
1
What is the remainder when 346 is divided by 14?
10
What is the remainder when 635 is divided by 157?
7
Calculate the remainder when 140 is divided by 51.
38
Calculate the remainder when 683 is divided by 7.
4
What is the remainder when 6571 is divided by 16?
11
Calculate the remainder when 357 is divided by 77.
49
What is the remainder when 762 is divided by 759?
3
Calculate the remainder when 200 is divided by 34.
30
What is the remainder when 3763 is divided by 46?
37
What is the remainder when 598 is divided by 8?
6
Calculate the remainder when 22218 is divided by 220.
218
Calculate the remainder when 1325 is divided by 102.
101
Calculate the remainder when 2656 is divided by 2.
0
What is the remainder when 105 is divided by 40?
25
Calculate the remainder when 388 is divided by 54.
10
Calculate the remainder when 1018 is divided by 29.
3
What is the remainder when 4023 is divided by 798?
33
Calculate the remainder when 520 is divided by 64.
8
What is the remainder when 308 is divided by 33?
11
Calculate the remainder when 236 is divided by 197.
39
Calculate the remainder when 1024 is divided by 38.
36
What is the remainder when 1547 is divided by 43?
42
What is the remainder when 640 is divided by 125?
15
Calculate the remainder when 150 is divided by 14.
10
What is the remainder when 97 is divided by 38?
21
Calculate the remainder when 479 is divided by 96.
95
What is the remainder when 375 is divided by 9?
6
Calculate the remainder when 273 is divided by 75.
48
What is the remainder when 84 is divided by 17?
16
What is the remainder when 70 is divided by 26?
18
What is the remainder when 365 is divided by 51?
8
Calculate the remainder when 107 is divided by 37.
33
Calculate the remainder when 445 is divided by 112.
109
Calculate the remainder when 250 is divided by 87.
76
Calculate the remainder when 70 is divided by 25.
20
What is the remainder when 707 is divided by 238?
231
Calculate the remainder when 1207 is divided by 77.
52
What is the remainder when 3219 is divided by 28?
27
What is the remainder when 646 is divided by 9?
7
Calculate the remainder when 640 is divided by 23.
19
What is the remainder when 451 is divided by 19?
14
Calculate the remainder when 3608 is divided by 38.
36
What is the remainder when 359 is divided by 91?
86
Calculate the remainder when 1426 is divided by 111.
94
Calculate the remainder when 1693 is divided by 213.
202
What is the remainder when 1486 is divided 